{"id":2176,"date":"2023-11-12T17:22:28","date_gmt":"2023-11-12T17:22:28","guid":{"rendered":"http:\/\/www.arelabretagne.levillage.org\/?page_id=2176"},"modified":"2025-11-01T10:40:19","modified_gmt":"2025-11-01T10:40:19","slug":"concours-2024-tous-en-scene-a-rome-ou-en-grece","status":"publish","type":"page","link":"http:\/\/www.arelabretagne.levillage.org\/?page_id=2176","title":{"rendered":"Concours 2024"},"content":{"rendered":"\n<p class=\"has-text-align-center\"> <strong>Tous en sc\u00e8ne \u00e0 Rome ou en Gr\u00e8ce!<\/strong><\/p>\n\n\n\n<p>Cette ann\u00e9e, dix-sept \u00e9tablissements ont particip\u00e9, des quatre d\u00e9partements de l&rsquo;acad\u00e9mie. Nous les f\u00e9licitons tous. Le jury a class\u00e9 les six premiers dans chaque cat\u00e9gorie (lyc\u00e9e ou coll\u00e8ge). <\/p>\n\n\n\n<p class=\"has-text-align-center\"><strong>Le Palmar\u00e8s<\/strong><\/p>\n\n\n\n<p><strong>Lyc\u00e9es<\/strong><\/p>\n\n\n\n<figure class=\"wp-block-table\"><table><tbody><tr><td>Rang<\/td><td>Etablissement<\/td><td>professeure<\/td><td>\u0152uvre<\/td><td>classe<\/td><\/tr><tr><td>1<sup>er<\/sup><\/td><td>Lyc\u00e9e Chateaubriand, Rennes<\/td><td>Morgane Redot<\/td><td>Plaute, <em>Aulularia<\/em><\/td><td>2de<\/td><\/tr><tr><td>2<sup>e<\/sup><\/td><td>Lyc\u00e9e Kerneuzec, Quimperl\u00e9<\/td><td>Coralie Janvier<\/td><td>Sophocle, <em>\u0152dipe Roi<\/em><\/td><td>Tle<\/td><\/tr><tr><td>3<sup>e<\/sup><\/td><td>Lyc\u00e9e F\u00e9lix Le Dantec, Lannion<\/td><td>Isabelle Bonnefon<\/td><td>Aristophane,<em> les Grenouilles<\/em><\/td><td>2de<\/td><\/tr><tr><td>4<sup>e<\/sup><\/td><td>Lyc\u00e9e Kerneuzec, Quimperl\u00e9<\/td><td>Coralie Janvier<\/td><td>Plaute, <em>Miles gloriosus<\/em><\/td><td>2de<\/td><\/tr><tr><td>5<sup>e<\/sup><\/td><td>Lyc\u00e9e Ernest Renan, Saint-Brieuc<\/td><td>B\u00e9reng\u00e8re Clo\u00e2tre<\/td><td>Euripide, Racine, <em>Ph\u00e8dre<\/em> S\u00e9n\u00e8que, <em>Hippolyte<\/em><\/td><td>1<sup>\u00e8re<\/sup>, Tle<\/td><\/tr><tr><td>6<sup>e<\/sup><\/td><td>Lyc\u00e9e Auguste Pavie, Guingamp<\/td><td>Ma\u00ebla Auffray<\/td><td>S\u00e9n\u00e8que, <em>M\u00e9d\u00e9e<\/em><\/td><td>1<sup>\u00e8re<\/sup>, Tle<\/td><\/tr><\/tbody><\/table><\/figure>\n\n\n\n<p><strong>Les vid\u00e9os des gagnants (Lyc\u00e9es) : <\/strong><\/p>\n\n\n\n<figure class=\"wp-block-embed is-type-video is-provider-youtube wp-block-embed-youtube wp-embed-aspect-16-9 wp-has-aspect-ratio\"><div class=\"wp-block-embed__wrapper\">\n<span class=\"embed-youtube\" style=\"text-align:center; display: block;\"><iframe loading=\"lazy\" class=\"youtube-player\" width=\"625\" height=\"352\" src=\"https:\/\/www.youtube.com\/embed\/KZgPqg-uIUU?version=3&#038;rel=1&#038;showsearch=0&#038;showinfo=1&#038;iv_load_policy=1&#038;fs=1&#038;hl=fr-FR&#038;autohide=2&#038;wmode=transparent\" allowfullscreen=\"true\" style=\"border:0;\" sandbox=\"allow-scripts allow-same-origin allow-popups allow-presentation allow-popups-to-escape-sandbox\"><\/iframe><\/span>\n<\/div><\/figure>\n\n\n\n<figure class=\"wp-block-embed is-type-video is-provider-youtube wp-block-embed-youtube wp-embed-aspect-16-9 wp-has-aspect-ratio\"><div class=\"wp-block-embed__wrapper\">\n<span class=\"embed-youtube\" style=\"text-align:center; display: block;\"><iframe loading=\"lazy\" class=\"youtube-player\" width=\"625\" height=\"352\" src=\"https:\/\/www.youtube.com\/embed\/3G-2rceXeX8?version=3&#038;rel=1&#038;showsearch=0&#038;showinfo=1&#038;iv_load_policy=1&#038;fs=1&#038;hl=fr-FR&#038;autohide=2&#038;wmode=transparent\" allowfullscreen=\"true\" style=\"border:0;\" sandbox=\"allow-scripts allow-same-origin allow-popups allow-presentation allow-popups-to-escape-sandbox\"><\/iframe><\/span>\n<\/div><\/figure>\n\n\n\n<figure class=\"wp-block-embed is-type-video is-provider-youtube wp-block-embed-youtube wp-embed-aspect-4-3 wp-has-aspect-ratio\"><div class=\"wp-block-embed__wrapper\">\n<span class=\"embed-youtube\" style=\"text-align:center; display: block;\"><iframe loading=\"lazy\" class=\"youtube-player\" width=\"625\" height=\"352\" src=\"https:\/\/www.youtube.com\/embed\/2mR2HiPK4rw?version=3&#038;rel=1&#038;showsearch=0&#038;showinfo=1&#038;iv_load_policy=1&#038;fs=1&#038;hl=fr-FR&#038;autohide=2&#038;wmode=transparent\" allowfullscreen=\"true\" style=\"border:0;\" sandbox=\"allow-scripts allow-same-origin allow-popups allow-presentation allow-popups-to-escape-sandbox\"><\/iframe><\/span>\n<\/div><\/figure>\n\n\n\n<hr class=\"wp-block-separator has-alpha-channel-opacity\"\/>\n\n\n\n<figure class=\"wp-block-image size-large\"><img loading=\"lazy\" decoding=\"async\" width=\"1024\" height=\"768\" data-attachment-id=\"2251\" data-permalink=\"http:\/\/www.arelabretagne.levillage.org\/?attachment_id=2251\" data-orig-file=\"http:\/\/www.arelabretagne.levillage.org\/bibliotheque\/2024\/06\/Chateaubriand-3-recadre-1-scaled.jpg\" data-orig-size=\"2560,1920\" data-comments-opened=\"0\" data-image-meta=\"{&quot;aperture&quot;:&quot;2.2&quot;,&quot;credit&quot;:&quot;&quot;,&quot;camera&quot;:&quot;SM-G780G&quot;,&quot;caption&quot;:&quot;&quot;,&quot;created_timestamp&quot;:&quot;1716998103&quot;,&quot;copyright&quot;:&quot;&quot;,&quot;focal_length&quot;:&quot;1.74&quot;,&quot;iso&quot;:&quot;200&quot;,&quot;shutter_speed&quot;:&quot;0.02&quot;,&quot;title&quot;:&quot;&quot;,&quot;orientation&quot;:&quot;1&quot;}\" data-image-title=\"Chateaubriand-3-recadre-1\" data-image-description=\"\" data-image-caption=\"\" data-large-file=\"http:\/\/www.arelabretagne.levillage.org\/bibliotheque\/2024\/06\/Chateaubriand-3-recadre-1-1024x768.jpg\" src=\"http:\/\/www.arelabretagne.levillage.org\/bibliotheque\/2024\/06\/Chateaubriand-3-recadre-1-1024x768.jpg\" alt=\"\" class=\"wp-image-2251\" srcset=\"http:\/\/www.arelabretagne.levillage.org\/bibliotheque\/2024\/06\/Chateaubriand-3-recadre-1-1024x768.jpg 1024w, http:\/\/www.arelabretagne.levillage.org\/bibliotheque\/2024\/06\/Chateaubriand-3-recadre-1-300x225.jpg 300w, http:\/\/www.arelabretagne.levillage.org\/bibliotheque\/2024\/06\/Chateaubriand-3-recadre-1-768x576.jpg 768w, http:\/\/www.arelabretagne.levillage.org\/bibliotheque\/2024\/06\/Chateaubriand-3-recadre-1-1536x1152.jpg 1536w, http:\/\/www.arelabretagne.levillage.org\/bibliotheque\/2024\/06\/Chateaubriand-3-recadre-1-2048x1536.jpg 2048w, http:\/\/www.arelabretagne.levillage.org\/bibliotheque\/2024\/06\/Chateaubriand-3-recadre-1-624x468.jpg 624w\" sizes=\"auto, (max-width: 1024px) 100vw, 1024px\" \/><\/figure>\n\n\n\n<p class=\"has-text-align-center\"><em>La remise des prix au lyc\u00e9e Chateaubriand, mercredi 29 mai. <\/em><\/p>\n\n\n\n<hr class=\"wp-block-separator has-alpha-channel-opacity\"\/>\n\n\n\n<p><strong>Coll\u00e8ges<\/strong><\/p>\n\n\n\n<figure class=\"wp-block-table\"><table><tbody><tr><td><strong>Rang<\/strong><\/td><td><strong>Etablissement<\/strong><\/td><td><strong>professeur<\/strong><\/td><td><strong>\u0152uvre<\/strong><\/td><td><strong>classe<\/strong><\/td><\/tr><tr><td><strong>1<sup>er<\/sup><\/strong><\/td><td><strong>Coll\u00e8ge L\u00e9o Ferr\u00e9, Sca\u00ebr<\/strong><\/td><td><strong>Anne-Kristina Grollemund<\/strong><\/td><td><strong>Plaute, <em>Aulularia<\/em><\/strong><\/td><td><strong>4<sup>e<\/sup><\/strong><\/td><\/tr><tr><td><strong>2<sup>e<\/sup><\/strong><\/td><td><strong>Coll\u00e8ge Marie Curie, Laill\u00e9<\/strong><\/td><td><strong>Sarah Gaudet<\/strong><\/td><td><strong>Plaute, <em>Amphitryo<\/em>n<\/strong><\/td><td><strong>4<sup>e<\/sup><\/strong><\/td><\/tr><tr><td><strong>3<sup>e<\/sup><\/strong><\/td><td><strong>Coll\u00e8ge de l\u2019Harteloire, Brest<\/strong><\/td><td><strong>Brigitte Durandeau<\/strong><\/td><td><strong>Euripide et S\u00e9n\u00e8que<em>, M\u00e9d\u00e9e<\/em><\/strong><\/td><td><strong>3<sup>e<\/sup><\/strong><\/td><\/tr><tr><td><strong>4<sup>e<\/sup><\/strong><\/td><td><strong>Coll\u00e8ge du Vizac, Guipavas<\/strong><\/td><td><strong>Caroline Khatim<\/strong><\/td><td><strong>Plaute, <em>Aulularia<\/em><\/strong><\/td><td><strong>3<sup>e<\/sup><\/strong><\/td><\/tr><tr><td><strong>5<sup>e<\/sup><\/strong><\/td><td><strong>Coll\u00e8ge Lequier, Pl\u00e9rin<\/strong><\/td><td><strong>Laurent Le Chanu<\/strong><\/td><td><strong>Plaute, <em>Miles gloriosus<\/em><\/strong><\/td><td><strong>3e<\/strong><\/td><\/tr><tr><td><strong>6<sup>e<\/sup><\/strong><\/td><td><strong>Coll\u00e8ge Saint-Joseph, Loud\u00e9ac<\/strong><\/td><td><strong>Vincent Perpina<\/strong><\/td><td><strong>Euripide,<em> M\u00e9d\u00e9e<\/em><\/strong><\/td><td><strong>3<sup>e<\/sup><\/strong><\/td><\/tr><\/tbody><\/table><\/figure>\n\n\n\n<p><strong>Les vid\u00e9os des gagnants (coll\u00e8ges) : <\/strong><\/p>\n\n\n\n<figure class=\"wp-block-embed is-type-video is-provider-youtube wp-block-embed-youtube wp-embed-aspect-16-9 wp-has-aspect-ratio\"><div class=\"wp-block-embed__wrapper\">\n<span class=\"embed-youtube\" style=\"text-align:center; display: block;\"><iframe loading=\"lazy\" class=\"youtube-player\" width=\"625\" height=\"352\" src=\"https:\/\/www.youtube.com\/embed\/cbnmOJAJapQ?version=3&#038;rel=1&#038;showsearch=0&#038;showinfo=1&#038;iv_load_policy=1&#038;fs=1&#038;hl=fr-FR&#038;autohide=2&#038;wmode=transparent\" allowfullscreen=\"true\" style=\"border:0;\" sandbox=\"allow-scripts allow-same-origin allow-popups allow-presentation allow-popups-to-escape-sandbox\"><\/iframe><\/span>\n<\/div><\/figure>\n\n\n\n<figure class=\"wp-block-embed is-type-video is-provider-youtube wp-block-embed-youtube wp-embed-aspect-16-9 wp-has-aspect-ratio\"><div class=\"wp-block-embed__wrapper\">\n<span class=\"embed-youtube\" style=\"text-align:center; display: block;\"><iframe loading=\"lazy\" class=\"youtube-player\" width=\"625\" height=\"352\" src=\"https:\/\/www.youtube.com\/embed\/8_TXctn2u9c?version=3&#038;rel=1&#038;showsearch=0&#038;showinfo=1&#038;iv_load_policy=1&#038;fs=1&#038;hl=fr-FR&#038;autohide=2&#038;wmode=transparent\" allowfullscreen=\"true\" style=\"border:0;\" sandbox=\"allow-scripts allow-same-origin allow-popups allow-presentation allow-popups-to-escape-sandbox\"><\/iframe><\/span>\n<\/div><\/figure>\n\n\n\n<figure class=\"wp-block-embed is-type-video is-provider-youtube wp-block-embed-youtube wp-embed-aspect-4-3 wp-has-aspect-ratio\"><div class=\"wp-block-embed__wrapper\">\n<span class=\"embed-youtube\" style=\"text-align:center; display: block;\"><iframe loading=\"lazy\" class=\"youtube-player\" width=\"625\" height=\"352\" src=\"https:\/\/www.youtube.com\/embed\/nGRRzMff7lI?version=3&#038;rel=1&#038;showsearch=0&#038;showinfo=1&#038;iv_load_policy=1&#038;fs=1&#038;hl=fr-FR&#038;autohide=2&#038;wmode=transparent\" allowfullscreen=\"true\" style=\"border:0;\" sandbox=\"allow-scripts allow-same-origin allow-popups allow-presentation allow-popups-to-escape-sandbox\"><\/iframe><\/span>\n<\/div><\/figure>\n\n\n\n<hr class=\"wp-block-separator has-alpha-channel-opacity\"\/>\n\n\n\n<figure class=\"wp-block-image size-large\"><img loading=\"lazy\" decoding=\"async\" width=\"1024\" height=\"768\" data-attachment-id=\"2253\" data-permalink=\"http:\/\/www.arelabretagne.levillage.org\/?attachment_id=2253\" data-orig-file=\"http:\/\/www.arelabretagne.levillage.org\/bibliotheque\/2024\/06\/20240529_161255-scaled.jpg\" data-orig-size=\"2560,1920\" data-comments-opened=\"0\" data-image-meta=\"{&quot;aperture&quot;:&quot;2&quot;,&quot;credit&quot;:&quot;&quot;,&quot;camera&quot;:&quot;SM-A125F&quot;,&quot;caption&quot;:&quot;&quot;,&quot;created_timestamp&quot;:&quot;1716999174&quot;,&quot;copyright&quot;:&quot;&quot;,&quot;focal_length&quot;:&quot;4.6&quot;,&quot;iso&quot;:&quot;160&quot;,&quot;shutter_speed&quot;:&quot;0.016666666666667&quot;,&quot;title&quot;:&quot;&quot;,&quot;orientation&quot;:&quot;1&quot;}\" data-image-title=\"20240529_161255\" data-image-description=\"\" data-image-caption=\"\" data-large-file=\"http:\/\/www.arelabretagne.levillage.org\/bibliotheque\/2024\/06\/20240529_161255-1024x768.jpg\" src=\"http:\/\/www.arelabretagne.levillage.org\/bibliotheque\/2024\/06\/20240529_161255-1024x768.jpg\" alt=\"\" class=\"wp-image-2253\" srcset=\"http:\/\/www.arelabretagne.levillage.org\/bibliotheque\/2024\/06\/20240529_161255-1024x768.jpg 1024w, http:\/\/www.arelabretagne.levillage.org\/bibliotheque\/2024\/06\/20240529_161255-300x225.jpg 300w, http:\/\/www.arelabretagne.levillage.org\/bibliotheque\/2024\/06\/20240529_161255-768x576.jpg 768w, http:\/\/www.arelabretagne.levillage.org\/bibliotheque\/2024\/06\/20240529_161255-1536x1152.jpg 1536w, http:\/\/www.arelabretagne.levillage.org\/bibliotheque\/2024\/06\/20240529_161255-2048x1536.jpg 2048w, http:\/\/www.arelabretagne.levillage.org\/bibliotheque\/2024\/06\/20240529_161255-624x468.jpg 624w\" sizes=\"auto, (max-width: 1024px) 100vw, 1024px\" \/><\/figure>\n\n\n\n<p class=\"has-text-align-center\"><em>La remise des prix au coll\u00e8ge L\u00e9o Ferr\u00e9 de Sca\u00ebr, ce mercredi 29 mai \u00e9galement<\/em>. <\/p>\n\n\n\n<hr class=\"wp-block-separator has-alpha-channel-opacity\"\/>\n\n\n\n<p><strong>Les prix du concours 2024 <\/strong><\/p>\n\n\n\n<p>&#8211; Premier prix (coll\u00e8ge et lyc\u00e9e)\u00a0: ch\u00e8que-cadeau de 100 \u20ac, abonnement \u00e0 <em>Archeologia<\/em>.<\/p>\n\n\n\n<p>&#8211; Deuxi\u00e8me prix (coll\u00e8ge et lyc\u00e9e)\u00a0: ch\u00e8que-cadeau de 80 \u20ac, abonnement \u00e0 <em>Archeologia<\/em>.<\/p>\n\n\n\n<p>&#8211; Troisi\u00e8me prix (coll\u00e8ge et lyc\u00e9e)\u00a0: ch\u00e8que-cadeau de 50 \u20ac, livres ou objets li\u00e9s \u00e0 l\u2019Antiquit\u00e9.<\/p>\n\n\n\n<p><em>&#8211; Autres prix\u00a0: ch\u00e8ques-cadeaux de 30 \u20ac et livres ou objets li\u00e9s \u00e0 l\u2019Antiquit\u00e9.<\/em><\/p>\n\n\n\n<p><\/p>\n\n\n\n<p><strong>R\u00e8glement du concours 2024<\/strong><\/p>\n\n\n\n<p>Voici le r\u00e8glement du concours, qui comporte une nouveaut\u00e9 : en lien avec le th\u00e8me, cette ann\u00e9e il ne s&rsquo;agira pas de composer en classe une \u00e9preuve \u00e9crite en deux heures, mais de <strong>r\u00e9aliser une vid\u00e9o<\/strong> montrant les \u00e9l\u00e8ves jouant un extrait de pi\u00e8ce antique.<\/p>\n\n\n\n<div data-wp-interactive=\"core\/file\" class=\"wp-block-file\"><object data-wp-bind--hidden=\"!state.hasPdfPreview\" hidden class=\"wp-block-file__embed\" data=\"http:\/\/www.arelabretagne.levillage.org\/bibliotheque\/2024\/01\/concours-de-lARELA-Bretagne-2024.pdf\" type=\"application\/pdf\" style=\"width:100%;height:600px\" aria-label=\"Contenu embarqu\u00e9 concours de l&apos;ARELA-Bretagne 2024.\"><\/object><a id=\"wp-block-file--media-7e2976ed-1dc5-4d55-8cc6-dce7603669ca\" href=\"http:\/\/www.arelabretagne.levillage.org\/bibliotheque\/2024\/01\/concours-de-lARELA-Bretagne-2024.pdf\">concours de l&rsquo;ARELA-Bretagne 2024<\/a><a href=\"http:\/\/www.arelabretagne.levillage.org\/bibliotheque\/2024\/01\/concours-de-lARELA-Bretagne-2024.pdf\" class=\"wp-block-file__button wp-element-button\" download aria-describedby=\"wp-block-file--media-7e2976ed-1dc5-4d55-8cc6-dce7603669ca\">T\u00e9l\u00e9charger<\/a><\/div>\n\n\n\n<p>Date limite d&rsquo;inscripion fix\u00e9e au 15 f\u00e9vrier 2024: utilisez le coupon t\u00e9l\u00e9chargeable ci-dessous.<\/p>\n\n\n\n<div data-wp-interactive=\"core\/file\" class=\"wp-block-file\"><object data-wp-bind--hidden=\"!state.hasPdfPreview\" hidden class=\"wp-block-file__embed\" data=\"http:\/\/www.arelabretagne.levillage.org\/bibliotheque\/2024\/01\/COUPON-Inscription-concours-2024.pdf\" type=\"application\/pdf\" style=\"width:100%;height:600px\" aria-label=\"Contenu embarqu\u00e9 COUPON-Inscription-concours-2024.\"><\/object><a id=\"wp-block-file--media-fe086da6-7f0d-484e-afa0-27682edd3bf4\" href=\"http:\/\/www.arelabretagne.levillage.org\/bibliotheque\/2024\/01\/COUPON-Inscription-concours-2024.pdf\">COUPON-Inscription-concours-2024<\/a><a href=\"http:\/\/www.arelabretagne.levillage.org\/bibliotheque\/2024\/01\/COUPON-Inscription-concours-2024.pdf\" class=\"wp-block-file__button wp-element-button\" download aria-describedby=\"wp-block-file--media-fe086da6-7f0d-484e-afa0-27682edd3bf4\">T\u00e9l\u00e9charger<\/a><\/div>\n\n\n\n<p>Ne manquez pas de consulter ces \u00e9l\u00e9ments compl\u00e9mentaires:<\/p>\n\n\n\n<div data-wp-interactive=\"core\/file\" class=\"wp-block-file\"><object data-wp-bind--hidden=\"!state.hasPdfPreview\" hidden class=\"wp-block-file__embed\" data=\"http:\/\/www.arelabretagne.levillage.org\/bibliotheque\/2024\/01\/Modalites-du-concours-2024-aspects-techniques.pdf\" type=\"application\/pdf\" style=\"width:100%;height:600px\" aria-label=\"Contenu embarqu\u00e9 Modalites-du-concours-2024-aspects-techniques.\"><\/object><a id=\"wp-block-file--media-eb119d9e-23b3-4d97-898a-82f5717a0b22\" href=\"http:\/\/www.arelabretagne.levillage.org\/bibliotheque\/2024\/01\/Modalites-du-concours-2024-aspects-techniques.pdf\">Modalites-du-concours-2024-aspects-techniques<\/a><a href=\"http:\/\/www.arelabretagne.levillage.org\/bibliotheque\/2024\/01\/Modalites-du-concours-2024-aspects-techniques.pdf\" class=\"wp-block-file__button wp-element-button\" download aria-describedby=\"wp-block-file--media-eb119d9e-23b3-4d97-898a-82f5717a0b22\">T\u00e9l\u00e9charger<\/a><\/div>\n\n\n\n<div data-wp-interactive=\"core\/file\" class=\"wp-block-file\"><object data-wp-bind--hidden=\"!state.hasPdfPreview\" hidden class=\"wp-block-file__embed\" data=\"http:\/\/www.arelabretagne.levillage.org\/bibliotheque\/2024\/01\/COMPRESSER-UNE-VIDEO-TROP-LOURDE-1.pdf\" type=\"application\/pdf\" style=\"width:100%;height:600px\" aria-label=\"Contenu embarqu\u00e9 COMPRESSER-UNE-VIDEO-TROP-LOURDE-1.\"><\/object><a id=\"wp-block-file--media-7414263a-345d-410b-8040-e670c8369117\" href=\"http:\/\/www.arelabretagne.levillage.org\/bibliotheque\/2024\/01\/COMPRESSER-UNE-VIDEO-TROP-LOURDE-1.pdf\">COMPRESSER-UNE-VIDEO-TROP-LOURDE-1<\/a><a href=\"http:\/\/www.arelabretagne.levillage.org\/bibliotheque\/2024\/01\/COMPRESSER-UNE-VIDEO-TROP-LOURDE-1.pdf\" class=\"wp-block-file__button wp-element-button\" download aria-describedby=\"wp-block-file--media-7414263a-345d-410b-8040-e670c8369117\">T\u00e9l\u00e9charger<\/a><\/div>\n","protected":false},"excerpt":{"rendered":"<p>Tous en sc\u00e8ne \u00e0 Rome ou en Gr\u00e8ce! Cette ann\u00e9e, dix-sept \u00e9tablissements ont particip\u00e9, des quatre d\u00e9partements de l&rsquo;acad\u00e9mie. Nous les f\u00e9licitons tous. Le jury a class\u00e9 les six premiers dans chaque cat\u00e9gorie (lyc\u00e9e ou coll\u00e8ge). Le Palmar\u00e8s Lyc\u00e9es Rang Etablissement professeure \u0152uvre classe 1er Lyc\u00e9e Chateaubriand, Rennes Morgane Redot Plaute, Aulularia 2de 2e Lyc\u00e9e [&hellip;]<\/p>\n","protected":false},"author":1,"featured_media":0,"parent":422,"menu_order":0,"comment_status":"closed","ping_status":"closed","template":"","meta":{"jetpack_post_was_ever_published":false,"footnotes":""},"class_list":["post-2176","page","type-page","status-publish","hentry"],"jetpack_shortlink":"https:\/\/wp.me\/P2hPjg-z6","jetpack_sharing_enabled":true,"jetpack_likes_enabled":true,"_links":{"self":[{"href":"http:\/\/www.arelabretagne.levillage.org\/index.php?rest_route=\/wp\/v2\/pages\/2176","targetHints":{"allow":["GET"]}}],"collection":[{"href":"http:\/\/www.arelabretagne.levillage.org\/index.php?rest_route=\/wp\/v2\/pages"}],"about":[{"href":"http:\/\/www.arelabretagne.levillage.org\/index.php?rest_route=\/wp\/v2\/types\/page"}],"author":[{"embeddable":true,"href":"http:\/\/www.arelabretagne.levillage.org\/index.php?rest_route=\/wp\/v2\/users\/1"}],"replies":[{"embeddable":true,"href":"http:\/\/www.arelabretagne.levillage.org\/index.php?rest_route=%2Fwp%2Fv2%2Fcomments&post=2176"}],"version-history":[{"count":9,"href":"http:\/\/www.arelabretagne.levillage.org\/index.php?rest_route=\/wp\/v2\/pages\/2176\/revisions"}],"predecessor-version":[{"id":2294,"href":"http:\/\/www.arelabretagne.levillage.org\/index.php?rest_route=\/wp\/v2\/pages\/2176\/revisions\/2294"}],"up":[{"embeddable":true,"href":"http:\/\/www.arelabretagne.levillage.org\/index.php?rest_route=\/wp\/v2\/pages\/422"}],"wp:attachment":[{"href":"http:\/\/www.arelabretagne.levillage.org\/index.php?rest_route=%2Fwp%2Fv2%2Fmedia&parent=2176"}],"curies":[{"name":"wp","href":"https:\/\/api.w.org\/{rel}","templated":true}]}}