{"id":2475,"date":"2025-11-01T10:39:34","date_gmt":"2025-11-01T10:39:34","guid":{"rendered":"http:\/\/www.arelabretagne.levillage.org\/?page_id=2475"},"modified":"2025-11-01T11:06:27","modified_gmt":"2025-11-01T11:06:27","slug":"affiche-du-concours-2026","status":"publish","type":"page","link":"http:\/\/www.arelabretagne.levillage.org\/?page_id=2475","title":{"rendered":"Affiche du concours 2026"},"content":{"rendered":"\n<section id=\"g-0111zn1\" class=\"wp-block-gutentor-m4 section-g-0111zn1 gutentor-module gutentor-advanced-columns\"><div class=\"grid-container\"><div class=\"grid-row\">\n<div id=\"col-g-vklgyfl\" class=\"wp-block-gutentor-m4-col col-g-vklgyfl gutentor-single-column  grid-lg-4 grid-md-12 grid-12\"><div id=\"section-g-vklgyfl\" class=\"section-g-vklgyfl gutentor-col-wrap\"><div class=\"wp-block-image\">\n<figure class=\"aligncenter size-full is-resized\"><img loading=\"lazy\" decoding=\"async\" width=\"645\" height=\"645\" data-attachment-id=\"816\" data-permalink=\"http:\/\/www.arelabretagne.levillage.org\/?attachment_id=816\" data-orig-file=\"http:\/\/www.arelabretagne.levillage.org\/bibliotheque\/2010\/10\/logoarela2.jpg\" data-orig-size=\"645,645\" data-comments-opened=\"0\" data-image-meta=\"{&quot;aperture&quot;:&quot;0&quot;,&quot;credit&quot;:&quot;&quot;,&quot;camera&quot;:&quot;&quot;,&quot;caption&quot;:&quot;&quot;,&quot;created_timestamp&quot;:&quot;0&quot;,&quot;copyright&quot;:&quot;&quot;,&quot;focal_length&quot;:&quot;0&quot;,&quot;iso&quot;:&quot;0&quot;,&quot;shutter_speed&quot;:&quot;0&quot;,&quot;title&quot;:&quot;&quot;}\" data-image-title=\"logoarela2\" data-image-description=\"\" data-image-caption=\"\" data-large-file=\"http:\/\/www.arelabretagne.levillage.org\/bibliotheque\/2010\/10\/logoarela2.jpg\" src=\"http:\/\/www.arelabretagne.levillage.org\/bibliotheque\/2010\/10\/logoarela2.jpg\" alt=\"\" class=\"wp-image-816\" style=\"width:126px;height:auto\" srcset=\"http:\/\/www.arelabretagne.levillage.org\/bibliotheque\/2010\/10\/logoarela2.jpg 645w, http:\/\/www.arelabretagne.levillage.org\/bibliotheque\/2010\/10\/logoarela2-150x150.jpg 150w, http:\/\/www.arelabretagne.levillage.org\/bibliotheque\/2010\/10\/logoarela2-300x300.jpg 300w\" sizes=\"auto, (max-width: 645px) 100vw, 645px\" \/><\/figure>\n<\/div><\/div><\/div>\n\n\n\n<div id=\"col-g-ho33hlf\" class=\"wp-block-gutentor-m4-col col-g-ho33hlf gutentor-single-column  grid-lg-4 grid-md-12 grid-12\"><div id=\"section-g-ho33hlf\" class=\"section-g-ho33hlf gutentor-col-wrap\">\n<p class=\"has-text-align-center\">Appel \u00e0 projet<\/p>\n\n\n\n<p class=\"has-text-align-center has-medium-font-size\">R\u00e9alisation d&rsquo;une affiche pour le concours de l&rsquo;ARELA Bretagne<\/p>\n<\/div><\/div>\n\n\n\n<div id=\"col-g-llllkvn\" class=\"wp-block-gutentor-m4-col col-g-llllkvn gutentor-single-column  grid-lg-4 grid-md-12 grid-12\"><div id=\"section-g-llllkvn\" class=\"section-g-llllkvn gutentor-col-wrap\"><\/div><\/div>\n<\/div><\/div><\/section>\n\n\n\n<p>L\u2019ARELA-Bretagne (Association R\u00e9gionale des Enseignants de Langues Anciennes) organisera au printemps prochain, \u00e0 destination des coll\u00e9giens et lyc\u00e9ens de l\u2019Acad\u00e9mie, son concours annuel de langues anciennes.<\/p>\n\n\n\n<p class=\"has-medium-font-size\"><strong>Sujet<\/strong>&nbsp;<strong>2026<\/strong> : \u00ab l\u2019odyss\u00e9e d\u2019un sesterce dans le monde antique&#8230; \u00bb<\/p>\n\n\n\n<p><em>Imaginez trois \u00e9tapes dans l\u2019itin\u00e9raire d\u2019une monnaie (drachme ou sesterce) passant de main en main dans le monde antique.<\/em><\/p>\n\n\n\n<p>Un <strong>concours d\u2019affiches<\/strong> sur ce th\u00e8me est lanc\u00e9 en cette rentr\u00e9e, cette fois \u00e0 destinationdes professeurs d\u2019arts plastiques et de leurs \u00e9l\u00e8ves.<\/p>\n\n\n\n<p>Les \u00e9l\u00e8ves peuvent r\u00e9aliser le travail pendant les cours, lors d\u2019ateliers encadr\u00e9s par le professeur d\u2019arts plastiques, ou sur leur temps libre. Toutes les techniques graphiques sont autoris\u00e9es.<\/p>\n\n\n\n<hr class=\"wp-block-separator has-alpha-channel-opacity\"\/>\n\n\n\n<p>Le <strong>cahier des charges<\/strong> est le suivant :<\/p>\n\n\n\n<ul class=\"wp-block-list\">\n<li>format A4 ou A3 (format portrait)<\/li>\n\n\n\n<li>pr\u00e9voir de la place pour les logos des partenaires priv\u00e9s ou institutionnels (voir ci-dessous, \u00e0 titre d\u2019exemple, l\u2019affiche d\u2019un pr\u00e9c\u00e9dent concours)<\/li>\n\n\n\n<li>envoyer la photographie du projet en haute d\u00e9finition (au moins 300 dpi) de fa\u00e7on \u00e0 pouvoir l\u2019agrandir sans perte de qualit\u00e9.<\/li>\n<\/ul>\n\n\n\n<hr class=\"wp-block-separator has-alpha-channel-opacity\"\/>\n\n\n\n<div class=\"wp-block-columns is-layout-flex wp-container-core-columns-is-layout-9d6595d7 wp-block-columns-is-layout-flex\">\n<div class=\"wp-block-column is-layout-flow wp-block-column-is-layout-flow\" style=\"flex-basis:100%\">\n<div id=\"section-g-c8delk1\" class=\"wp-block-gutentor-e1 section-g-c8delk1 gutentor-element gutentor-element-advanced-text text-align-center-desktop\"><div class=\"gutentor-text-wrap\"><p class=\"gutentor-text\"><mark style=\"background-color:#e6e6e6\" class=\"has-inline-color has-dark-gray-color\">Le projet est \u00e0 envoyer \u00e0 l\u2019adresse : <\/mark><br><mark style=\"background-color:#e6e6e6\" class=\"has-inline-color has-dark-gray-color\"><a href=\"mailto:presidence.ARELA.Bretagne@gmail.com\">presidence.ARELA.Bretagne@gmail.com<\/a> <\/mark><br><mark style=\"background-color:#e6e6e6\" class=\"has-inline-color has-dark-gray-color\">avant le<strong> 7 novembre 2025<\/strong>.<\/mark><\/p><\/div><\/div>\n<\/div>\n<\/div>\n\n\n\n<p>T\u00e9l\u00e9chargez ici l&rsquo;affiche du concours 2025 :<\/p>\n\n\n\n<figure class=\"wp-block-image size-large\"><a href=\"http:\/\/www.arelabretagne.levillage.org\/bibliotheque\/2025\/02\/Printemps-antiquite_-2025-BD1-2.jpg\"><img loading=\"lazy\" decoding=\"async\" width=\"724\" height=\"1024\" data-attachment-id=\"2291\" data-permalink=\"http:\/\/www.arelabretagne.levillage.org\/?attachment_id=2291\" data-orig-file=\"http:\/\/www.arelabretagne.levillage.org\/bibliotheque\/2025\/02\/Printemps-antiquite_-2025-BD1-2.jpg\" data-orig-size=\"841,1190\" data-comments-opened=\"0\" data-image-meta=\"{&quot;aperture&quot;:&quot;0&quot;,&quot;credit&quot;:&quot;&quot;,&quot;camera&quot;:&quot;&quot;,&quot;caption&quot;:&quot;&quot;,&quot;created_timestamp&quot;:&quot;0&quot;,&quot;copyright&quot;:&quot;&quot;,&quot;focal_length&quot;:&quot;0&quot;,&quot;iso&quot;:&quot;0&quot;,&quot;shutter_speed&quot;:&quot;0&quot;,&quot;title&quot;:&quot;&quot;,&quot;orientation&quot;:&quot;0&quot;}\" data-image-title=\"Printemps antiquite_ 2025-BD1-2\" data-image-description=\"\" data-image-caption=\"\" data-large-file=\"http:\/\/www.arelabretagne.levillage.org\/bibliotheque\/2025\/02\/Printemps-antiquite_-2025-BD1-2-724x1024.jpg\" src=\"http:\/\/www.arelabretagne.levillage.org\/bibliotheque\/2025\/02\/Printemps-antiquite_-2025-BD1-2-724x1024.jpg\" alt=\"\" class=\"wp-image-2291\" srcset=\"http:\/\/www.arelabretagne.levillage.org\/bibliotheque\/2025\/02\/Printemps-antiquite_-2025-BD1-2-724x1024.jpg 724w, http:\/\/www.arelabretagne.levillage.org\/bibliotheque\/2025\/02\/Printemps-antiquite_-2025-BD1-2-212x300.jpg 212w, http:\/\/www.arelabretagne.levillage.org\/bibliotheque\/2025\/02\/Printemps-antiquite_-2025-BD1-2-768x1087.jpg 768w, http:\/\/www.arelabretagne.levillage.org\/bibliotheque\/2025\/02\/Printemps-antiquite_-2025-BD1-2-624x883.jpg 624w, http:\/\/www.arelabretagne.levillage.org\/bibliotheque\/2025\/02\/Printemps-antiquite_-2025-BD1-2.jpg 841w\" sizes=\"auto, (max-width: 724px) 100vw, 724px\" \/><\/a><\/figure>\n","protected":false},"excerpt":{"rendered":"<p>L\u2019ARELA-Bretagne (Association R\u00e9gionale des Enseignants de Langues Anciennes) organisera au printemps prochain, \u00e0 destination des coll\u00e9giens et lyc\u00e9ens de l\u2019Acad\u00e9mie, son concours annuel de langues anciennes. Sujet&nbsp;2026 : \u00ab l\u2019odyss\u00e9e d\u2019un sesterce dans le monde antique&#8230; \u00bb Imaginez trois \u00e9tapes dans l\u2019itin\u00e9raire d\u2019une monnaie (drachme ou sesterce) passant de main en main dans le monde [&hellip;]<\/p>\n","protected":false},"author":1,"featured_media":0,"parent":0,"menu_order":0,"comment_status":"closed","ping_status":"closed","template":"","meta":{"jetpack_post_was_ever_published":false,"footnotes":""},"class_list":["post-2475","page","type-page","status-publish","hentry"],"jetpack_shortlink":"https:\/\/wp.me\/P2hPjg-DV","jetpack_sharing_enabled":true,"jetpack_likes_enabled":true,"_links":{"self":[{"href":"http:\/\/www.arelabretagne.levillage.org\/index.php?rest_route=\/wp\/v2\/pages\/2475","targetHints":{"allow":["GET"]}}],"collection":[{"href":"http:\/\/www.arelabretagne.levillage.org\/index.php?rest_route=\/wp\/v2\/pages"}],"about":[{"href":"http:\/\/www.arelabretagne.levillage.org\/index.php?rest_route=\/wp\/v2\/types\/page"}],"author":[{"embeddable":true,"href":"http:\/\/www.arelabretagne.levillage.org\/index.php?rest_route=\/wp\/v2\/users\/1"}],"replies":[{"embeddable":true,"href":"http:\/\/www.arelabretagne.levillage.org\/index.php?rest_route=%2Fwp%2Fv2%2Fcomments&post=2475"}],"version-history":[{"count":7,"href":"http:\/\/www.arelabretagne.levillage.org\/index.php?rest_route=\/wp\/v2\/pages\/2475\/revisions"}],"predecessor-version":[{"id":2488,"href":"http:\/\/www.arelabretagne.levillage.org\/index.php?rest_route=\/wp\/v2\/pages\/2475\/revisions\/2488"}],"wp:attachment":[{"href":"http:\/\/www.arelabretagne.levillage.org\/index.php?rest_route=%2Fwp%2Fv2%2Fmedia&parent=2475"}],"curies":[{"name":"wp","href":"https:\/\/api.w.org\/{rel}","templated":true}]}}

<section id="g-0111zn1" class="wp-block-gutentor-m4 section-g-0111zn1 gutentor-module gutentor-advanced-columns"><div class="grid-container"><div class="grid-row">
<div id="col-g-vklgyfl" class="wp-block-gutentor-m4-col col-g-vklgyfl gutentor-single-column  grid-lg-4 grid-md-12 grid-12"><div id="section-g-vklgyfl" class="section-g-vklgyfl gutentor-col-wrap"><div class="wp-block-image">
<figure class="aligncenter size-full is-resized"><img loading="lazy" decoding="async" width="645" height="645" data-attachment-id="816" data-permalink="http://www.arelabretagne.levillage.org/?attachment_id=816" data-orig-file="http://www.arelabretagne.levillage.org/bibliotheque/2010/10/logoarela2.jpg" data-orig-size="645,645" data-comments-opened="0" data-image-meta="{&quot;aperture&quot;:&quot;0&quot;,&quot;credit&quot;:&quot;&quot;,&quot;camera&quot;:&quot;&quot;,&quot;caption&quot;:&quot;&quot;,&quot;created_timestamp&quot;:&quot;0&quot;,&quot;copyright&quot;:&quot;&quot;,&quot;focal_length&quot;:&quot;0&quot;,&quot;iso&quot;:&quot;0&quot;,&quot;shutter_speed&quot;:&quot;0&quot;,&quot;title&quot;:&quot;&quot;}" data-image-title="logoarela2" data-image-description="" data-image-caption="" data-large-file="http://www.arelabretagne.levillage.org/bibliotheque/2010/10/logoarela2.jpg" src="http://www.arelabretagne.levillage.org/bibliotheque/2010/10/logoarela2.jpg" alt="" class="wp-image-816" style="width:126px;height:auto" srcset="http://www.arelabretagne.levillage.org/bibliotheque/2010/10/logoarela2.jpg 645w, http://www.arelabretagne.levillage.org/bibliotheque/2010/10/logoarela2-150x150.jpg 150w, http://www.arelabretagne.levillage.org/bibliotheque/2010/10/logoarela2-300x300.jpg 300w" sizes="auto, (max-width: 645px) 100vw, 645px" /></figure>
</div></div></div>



<div id="col-g-ho33hlf" class="wp-block-gutentor-m4-col col-g-ho33hlf gutentor-single-column  grid-lg-4 grid-md-12 grid-12"><div id="section-g-ho33hlf" class="section-g-ho33hlf gutentor-col-wrap">
<p class="has-text-align-center">Appel à projet</p>



<p class="has-text-align-center has-medium-font-size">Réalisation d&rsquo;une affiche pour le concours de l&rsquo;ARELA Bretagne</p>
</div></div>



<div id="col-g-llllkvn" class="wp-block-gutentor-m4-col col-g-llllkvn gutentor-single-column  grid-lg-4 grid-md-12 grid-12"><div id="section-g-llllkvn" class="section-g-llllkvn gutentor-col-wrap"></div></div>
</div></div></section>



<p>L’ARELA-Bretagne (Association Régionale des Enseignants de Langues Anciennes) organisera au printemps prochain, à destination des collégiens et lycéens de l’Académie, son concours annuel de langues anciennes.</p>



<p class="has-medium-font-size"><strong>Sujet</strong>&nbsp;<strong>2026</strong> : « l’odyssée d’un sesterce dans le monde antique&#8230; »</p>



<p><em>Imaginez trois étapes dans l’itinéraire d’une monnaie (drachme ou sesterce) passant de main en main dans le monde antique.</em></p>



<p>Un <strong>concours d’affiches</strong> sur ce thème est lancé en cette rentrée, cette fois à destinationdes professeurs d’arts plastiques et de leurs élèves.</p>



<p>Les élèves peuvent réaliser le travail pendant les cours, lors d’ateliers encadrés par le professeur d’arts plastiques, ou sur leur temps libre. Toutes les techniques graphiques sont autorisées.</p>



<hr class="wp-block-separator has-alpha-channel-opacity"/>



<p>Le <strong>cahier des charges</strong> est le suivant :</p>



<ul class="wp-block-list">
<li>format A4 ou A3 (format portrait)</li>



<li>prévoir de la place pour les logos des partenaires privés ou institutionnels (voir ci-dessous, à titre d’exemple, l’affiche d’un précédent concours)</li>



<li>envoyer la photographie du projet en haute définition (au moins 300 dpi) de façon à pouvoir l’agrandir sans perte de qualité.</li>
</ul>



<hr class="wp-block-separator has-alpha-channel-opacity"/>



<div class="wp-block-columns is-layout-flex wp-container-core-columns-is-layout-9d6595d7 wp-block-columns-is-layout-flex">
<div class="wp-block-column is-layout-flow wp-block-column-is-layout-flow" style="flex-basis:100%">
<div id="section-g-c8delk1" class="wp-block-gutentor-e1 section-g-c8delk1 gutentor-element gutentor-element-advanced-text text-align-center-desktop"><div class="gutentor-text-wrap"><p class="gutentor-text"><mark style="background-color:#e6e6e6" class="has-inline-color has-dark-gray-color">Le projet est à envoyer à l’adresse : </mark><br><mark style="background-color:#e6e6e6" class="has-inline-color has-dark-gray-color"><a href="mailto:presidence.ARELA.Bretagne@gmail.com">presidence.ARELA.Bretagne@gmail.com</a> </mark><br><mark style="background-color:#e6e6e6" class="has-inline-color has-dark-gray-color">avant le<strong> 7 novembre 2025</strong>.</mark></p></div></div>
</div>
</div>



<p>Téléchargez ici l&rsquo;affiche du concours 2025 :</p>



<figure class="wp-block-image size-large"><a href="http://www.arelabretagne.levillage.org/bibliotheque/2025/02/Printemps-antiquite_-2025-BD1-2.jpg"><img loading="lazy" decoding="async" width="724" height="1024" data-attachment-id="2291" data-permalink="http://www.arelabretagne.levillage.org/?attachment_id=2291" data-orig-file="http://www.arelabretagne.levillage.org/bibliotheque/2025/02/Printemps-antiquite_-2025-BD1-2.jpg" data-orig-size="841,1190" data-comments-opened="0" data-image-meta="{&quot;aperture&quot;:&quot;0&quot;,&quot;credit&quot;:&quot;&quot;,&quot;camera&quot;:&quot;&quot;,&quot;caption&quot;:&quot;&quot;,&quot;created_timestamp&quot;:&quot;0&quot;,&quot;copyright&quot;:&quot;&quot;,&quot;focal_length&quot;:&quot;0&quot;,&quot;iso&quot;:&quot;0&quot;,&quot;shutter_speed&quot;:&quot;0&quot;,&quot;title&quot;:&quot;&quot;,&quot;orientation&quot;:&quot;0&quot;}" data-image-title="Printemps antiquite_ 2025-BD1-2" data-image-description="" data-image-caption="" data-large-file="http://www.arelabretagne.levillage.org/bibliotheque/2025/02/Printemps-antiquite_-2025-BD1-2-724x1024.jpg" src="http://www.arelabretagne.levillage.org/bibliotheque/2025/02/Printemps-antiquite_-2025-BD1-2-724x1024.jpg" alt="" class="wp-image-2291" srcset="http://www.arelabretagne.levillage.org/bibliotheque/2025/02/Printemps-antiquite_-2025-BD1-2-724x1024.jpg 724w, http://www.arelabretagne.levillage.org/bibliotheque/2025/02/Printemps-antiquite_-2025-BD1-2-212x300.jpg 212w, http://www.arelabretagne.levillage.org/bibliotheque/2025/02/Printemps-antiquite_-2025-BD1-2-768x1087.jpg 768w, http://www.arelabretagne.levillage.org/bibliotheque/2025/02/Printemps-antiquite_-2025-BD1-2-624x883.jpg 624w, http://www.arelabretagne.levillage.org/bibliotheque/2025/02/Printemps-antiquite_-2025-BD1-2.jpg 841w" sizes="auto, (max-width: 724px) 100vw, 724px" /></a></figure>

<p>L’ARELA-Bretagne (Association Régionale des Enseignants de Langues Anciennes) organisera au printemps prochain, à destination des collégiens et lycéens de l’Académie, son concours annuel de langues anciennes. Sujet&nbsp;2026 : « l’odyssée d’un sesterce dans le monde antique&#8230; » Imaginez trois étapes dans l’itinéraire d’une monnaie (drachme ou sesterce) passant de main en main dans le monde [&hellip;]</p>
