{"id":57,"date":"2010-10-01T09:23:31","date_gmt":"2010-10-01T09:23:31","guid":{"rendered":"http:\/\/www.arelabretagne.levillage.org\/?page_id=57"},"modified":"2026-03-27T08:16:23","modified_gmt":"2026-03-27T08:16:23","slug":"accueil","status":"publish","type":"page","link":"http:\/\/www.arelabretagne.levillage.org\/","title":{"rendered":"Bienvenue sur le site"},"content":{"rendered":"<div class=\"wp-block-image\">\n<figure class=\"aligncenter size-full is-resized\"><img loading=\"lazy\" decoding=\"async\" width=\"645\" height=\"645\" data-attachment-id=\"816\" data-permalink=\"http:\/\/www.arelabretagne.levillage.org\/?attachment_id=816\" data-orig-file=\"http:\/\/www.arelabretagne.levillage.org\/bibliotheque\/2010\/10\/logoarela2.jpg\" data-orig-size=\"645,645\" data-comments-opened=\"0\" data-image-meta=\"{&quot;aperture&quot;:&quot;0&quot;,&quot;credit&quot;:&quot;&quot;,&quot;camera&quot;:&quot;&quot;,&quot;caption&quot;:&quot;&quot;,&quot;created_timestamp&quot;:&quot;0&quot;,&quot;copyright&quot;:&quot;&quot;,&quot;focal_length&quot;:&quot;0&quot;,&quot;iso&quot;:&quot;0&quot;,&quot;shutter_speed&quot;:&quot;0&quot;,&quot;title&quot;:&quot;&quot;}\" data-image-title=\"logoarela2\" data-image-description=\"\" data-image-caption=\"\" data-large-file=\"http:\/\/www.arelabretagne.levillage.org\/bibliotheque\/2010\/10\/logoarela2.jpg\" src=\"http:\/\/www.arelabretagne.levillage.org\/bibliotheque\/2010\/10\/logoarela2.jpg\" alt=\"\" class=\"wp-image-816\" style=\"width:445px;height:auto\" srcset=\"http:\/\/www.arelabretagne.levillage.org\/bibliotheque\/2010\/10\/logoarela2.jpg 645w, http:\/\/www.arelabretagne.levillage.org\/bibliotheque\/2010\/10\/logoarela2-150x150.jpg 150w, http:\/\/www.arelabretagne.levillage.org\/bibliotheque\/2010\/10\/logoarela2-300x300.jpg 300w\" sizes=\"auto, (max-width: 645px) 100vw, 645px\" \/><\/figure>\n<\/div>\n\n\n<hr class=\"wp-block-separator has-alpha-channel-opacity\"\/>\n\n\n\n<p class=\"has-blue-color has-text-color has-medium-font-size\">Concours 2026 : participez au concours<\/p>\n\n\n\n<figure class=\"wp-block-embed is-type-wp-embed is-provider-arela-bretagne-cnarela wp-block-embed-arela-bretagne-cnarela\"><div class=\"wp-block-embed__wrapper\">\n<blockquote class=\"wp-embedded-content\" data-secret=\"PLeX9jdAWS\"><a href=\"http:\/\/www.arelabretagne.levillage.org\/?p=2524\">Concours 2026<\/a><\/blockquote><iframe loading=\"lazy\" class=\"wp-embedded-content\" sandbox=\"allow-scripts\" security=\"restricted\" style=\"position: absolute; visibility: hidden;\" title=\"\u00ab\u00a0Concours 2026\u00a0\u00bb &#8212; ARELA Bretagne - CNARELA\" src=\"http:\/\/www.arelabretagne.levillage.org\/?p=2524&#038;embed=true#?secret=wELR5fRQCj#?secret=PLeX9jdAWS\" data-secret=\"PLeX9jdAWS\" width=\"600\" height=\"338\" frameborder=\"0\" marginwidth=\"0\" marginheight=\"0\" scrolling=\"no\"><\/iframe>\n<\/div><\/figure>\n\n\n\n<hr class=\"wp-block-separator has-alpha-channel-opacity\"\/>\n\n\n\n<p class=\"has-blue-color has-text-color has-medium-font-size\"><strong>Les derni\u00e8res actualit\u00e9s de l&rsquo;association :<\/strong><\/p>\n\n\n<ul class=\"wp-block-latest-posts__list wp-block-latest-posts\"><li><a class=\"wp-block-latest-posts__post-title\" href=\"http:\/\/www.arelabretagne.levillage.org\/?p=2524\">Concours 2026<\/a><\/li>\n<li><a class=\"wp-block-latest-posts__post-title\" href=\"http:\/\/www.arelabretagne.levillage.org\/?p=2533\">Journ\u00e9es de l&rsquo;Antiquit\u00e9 en Languedoc-Roussillon<\/a><\/li>\n<li><a class=\"wp-block-latest-posts__post-title\" href=\"http:\/\/www.arelabretagne.levillage.org\/?p=2537\">Les 40 ans de l&rsquo;ARTELA-CNARELA<\/a><\/li>\n<li><a class=\"wp-block-latest-posts__post-title\" href=\"http:\/\/www.arelabretagne.levillage.org\/?p=2496\">Voyage en Sardaigne &#8211; CNARELA<\/a><\/li>\n<li><a class=\"wp-block-latest-posts__post-title\" href=\"http:\/\/www.arelabretagne.levillage.org\/?p=2493\">Journ\u00e9es EUROCLASSICA &#8211; Ath\u00e8nes<\/a><\/li>\n<\/ul>\n\n<h1 style=\"text-align: center;\"><strong>\u00a0<\/strong><\/h1>\n<h2 style=\"text-align: center;\"><strong>***<\/strong><\/h2>\n<h1><strong>Le mot du pr\u00e9sident, Laurent Le Chanu:<\/strong><\/h1>\n<h2><strong><a href=\"http:\/\/www.arelabretagne.levillage.org\/?attachment_id=1998\" rel=\"attachment wp-att-1998\">ARELA-Bretagne, la Renaissance<\/a><\/strong><\/h2>\n<div>\n<div class=\"adm\">\n<div id=\"q_31\" class=\"ajR h4\">\u00a0<\/div>\n<\/div>\n<\/div>\n<h2 style=\"text-align: center;\" align=\"JUSTIFY\">***<\/h2>\n<h2>\u00a0<\/h2>\n<h3 style=\"text-align: left;\"><strong>L&rsquo;<span style=\"color: #000000;\">Association R\u00e9gionale des Enseignants de Langues Anciennes<\/span><\/strong> a \u00e9t\u00e9 cr\u00e9\u00e9e en 2004 pour promouvoir et d\u00e9fendre la connaissance et l\u2019enseignement des langues et cultures de l&rsquo;Antiquit\u00e9.<\/h3>\n<h4>\u00a0<\/h4>\n<ul>\n<li>\n<h5 style=\"text-align: justify;\">La barre de menu en haut de page donne acc\u00e8s \u00e0 toutes les rubriques utiles pour s&rsquo;informer sur les activit\u00e9s de l&rsquo;association.<\/h5>\n<\/li>\n<li>\n<h5 style=\"text-align: justify;\">\u00a0Vous pouvez \u00e9galement nous suivre sur notre compte Facebook.<\/h5>\n<h5 style=\"text-align: right;\">Bonne visite.<\/h5>\n<\/li>\n<\/ul>\n\n\n<p><\/p>\n","protected":false},"excerpt":{"rendered":"<p>Concours 2026 : participez au concours Les derni\u00e8res actualit\u00e9s de l&rsquo;association : \u00a0 *** Le mot du pr\u00e9sident, Laurent Le Chanu: ARELA-Bretagne, la Renaissance \u00a0 *** \u00a0 L&rsquo;Association R\u00e9gionale des Enseignants de Langues Anciennes a \u00e9t\u00e9 cr\u00e9\u00e9e en 2004 pour promouvoir et d\u00e9fendre la connaissance et l\u2019enseignement des langues et cultures de l&rsquo;Antiquit\u00e9. \u00a0 La [&hellip;]<\/p>\n","protected":false},"author":1,"featured_media":0,"parent":0,"menu_order":0,"comment_status":"closed","ping_status":"open","template":"","meta":{"footnotes":""},"class_list":["post-57","page","type-page","status-publish","hentry"],"jetpack_shortlink":"https:\/\/wp.me\/P2hPjg-V","jetpack_sharing_enabled":true,"jetpack_likes_enabled":true,"_links":{"self":[{"href":"http:\/\/www.arelabretagne.levillage.org\/index.php?rest_route=\/wp\/v2\/pages\/57","targetHints":{"allow":["GET"]}}],"collection":[{"href":"http:\/\/www.arelabretagne.levillage.org\/index.php?rest_route=\/wp\/v2\/pages"}],"about":[{"href":"http:\/\/www.arelabretagne.levillage.org\/index.php?rest_route=\/wp\/v2\/types\/page"}],"author":[{"embeddable":true,"href":"http:\/\/www.arelabretagne.levillage.org\/index.php?rest_route=\/wp\/v2\/users\/1"}],"replies":[{"embeddable":true,"href":"http:\/\/www.arelabretagne.levillage.org\/index.php?rest_route=%2Fwp%2Fv2%2Fcomments&post=57"}],"version-history":[{"count":164,"href":"http:\/\/www.arelabretagne.levillage.org\/index.php?rest_route=\/wp\/v2\/pages\/57\/revisions"}],"predecessor-version":[{"id":2532,"href":"http:\/\/www.arelabretagne.levillage.org\/index.php?rest_route=\/wp\/v2\/pages\/57\/revisions\/2532"}],"wp:attachment":[{"href":"http:\/\/www.arelabretagne.levillage.org\/index.php?rest_route=%2Fwp%2Fv2%2Fmedia&parent=57"}],"curies":[{"name":"wp","href":"https:\/\/api.w.org\/{rel}","templated":true}]}}