{"id":92,"date":"2010-10-29T19:46:13","date_gmt":"2010-10-29T19:46:13","guid":{"rendered":"http:\/\/www.arelabretagne.levillage.org\/?page_id=92"},"modified":"2023-11-19T21:45:09","modified_gmt":"2023-11-19T21:45:09","slug":"contacts","status":"publish","type":"page","link":"http:\/\/www.arelabretagne.levillage.org\/?page_id=92","title":{"rendered":"Contacts"},"content":{"rendered":"<h3 style=\"text-align: justify;\">Voici les coordonn\u00e9es des \u00ab\u00a0membres-relais\u00a0\u00bb de l\u2019association dans chaque d\u00e9partement breton ainsi que de la secr\u00e9taire et de la tr\u00e9sori\u00e8re :<\/h3>\n<ul>\n<li>\n<h4><strong>Finist\u00e8re\u00a0: Fran\u00e7oise Marquant<\/strong> (Landerneau) <a href=\"mailto:marquantf@orange.fr\"><strong>@<\/strong><\/a><\/h4>\n<\/li>\n<li>\n<h4><strong>C\u00f4tes d\u2019Armor\u00a0: Isabelle Bonnefon<\/strong> (Lannion) <a href=\"mailto:bonnefonisabelle@gmail.com\"><strong>@<\/strong><\/a><\/h4>\n<\/li>\n<li>\n<h4><strong>Morbihan\u00a0: Catherine Carriou<\/strong> (Pont-Scorff) <a href=\"mailto:cath.carriou@orange.fr\"><strong>@<\/strong><\/a><strong><br \/><\/strong><\/h4>\n<\/li>\n<li><strong>Ille-et-Vilaine: Ga\u00eblle F\u00e9vrier (Noyal-sur-Vilaine)\u00a0<a href=\"fevrier.5@orange.fr\">fevrier.5@orange.fr<\/a><\/strong><\/li>\n<li>\n<h4>le tr\u00e9sorier : Beno\u00eet Jeanjean \u00a0 \u00a0 \u00a0 \u00a0<a href=\"jeanjean.benoit@orange.fr\">jeanjean.benoit@orange.fr<\/a> <\/h4>\n<\/li>\n<li>\n<h4>la secr\u00e9taire : Agn\u00e8s Cudonnec:\u00a0 <a href=\"ccagnes@hotmail.fr\">ccagnes@hotmail.fr<\/a><\/h4>\n<\/li>\n<\/ul>\n<h3><strong>Pour contacter le pr\u00e9sident de l&rsquo;association<\/strong>, Laurent Le Chanu:<\/h3>\n<h3>mailto: <a href=\"presidence.arela.bretagne@gmail.com\">presidence.arela.bretagne@gmail.com<\/a><\/h3>\n\n\n<p><\/p>\n\n\n\n<p><\/p>\n","protected":false},"excerpt":{"rendered":"<p>Voici les coordonn\u00e9es des \u00ab\u00a0membres-relais\u00a0\u00bb de l\u2019association dans chaque d\u00e9partement breton ainsi que de la secr\u00e9taire et de la tr\u00e9sori\u00e8re : Finist\u00e8re\u00a0: Fran\u00e7oise Marquant (Landerneau) @ C\u00f4tes d\u2019Armor\u00a0: Isabelle Bonnefon (Lannion) @ Morbihan\u00a0: Catherine Carriou (Pont-Scorff) @ Ille-et-Vilaine: Ga\u00eblle F\u00e9vrier (Noyal-sur-Vilaine)\u00a0fevrier.5@orange.fr le tr\u00e9sorier : Beno\u00eet Jeanjean \u00a0 \u00a0 \u00a0 \u00a0jeanjean.benoit@orange.fr la secr\u00e9taire : Agn\u00e8s Cudonnec:\u00a0 [&hellip;]<\/p>\n","protected":false},"author":1,"featured_media":0,"parent":57,"menu_order":0,"comment_status":"closed","ping_status":"open","template":"","meta":{"jetpack_post_was_ever_published":false,"footnotes":""},"class_list":["post-92","page","type-page","status-publish","hentry"],"jetpack_shortlink":"https:\/\/wp.me\/P2hPjg-1u","jetpack_sharing_enabled":true,"jetpack_likes_enabled":true,"_links":{"self":[{"href":"http:\/\/www.arelabretagne.levillage.org\/index.php?rest_route=\/wp\/v2\/pages\/92","targetHints":{"allow":["GET"]}}],"collection":[{"href":"http:\/\/www.arelabretagne.levillage.org\/index.php?rest_route=\/wp\/v2\/pages"}],"about":[{"href":"http:\/\/www.arelabretagne.levillage.org\/index.php?rest_route=\/wp\/v2\/types\/page"}],"author":[{"embeddable":true,"href":"http:\/\/www.arelabretagne.levillage.org\/index.php?rest_route=\/wp\/v2\/users\/1"}],"replies":[{"embeddable":true,"href":"http:\/\/www.arelabretagne.levillage.org\/index.php?rest_route=%2Fwp%2Fv2%2Fcomments&post=92"}],"version-history":[{"count":21,"href":"http:\/\/www.arelabretagne.levillage.org\/index.php?rest_route=\/wp\/v2\/pages\/92\/revisions"}],"predecessor-version":[{"id":2185,"href":"http:\/\/www.arelabretagne.levillage.org\/index.php?rest_route=\/wp\/v2\/pages\/92\/revisions\/2185"}],"up":[{"embeddable":true,"href":"http:\/\/www.arelabretagne.levillage.org\/index.php?rest_route=\/wp\/v2\/pages\/57"}],"wp:attachment":[{"href":"http:\/\/www.arelabretagne.levillage.org\/index.php?rest_route=%2Fwp%2Fv2%2Fmedia&parent=92"}],"curies":[{"name":"wp","href":"https:\/\/api.w.org\/{rel}","templated":true}]}}

<h3 style="text-align: justify;">Voici les coordonnées des « membres-relais » de l’association dans chaque département breton ainsi que de la secrétaire et de la trésorière :</h3>
<ul>
<li>
<h4><strong>Finistère : Françoise Marquant</strong> (Landerneau) <a href="mailto:marquantf@orange.fr"><strong>@</strong></a></h4>
</li>
<li>
<h4><strong>Côtes d’Armor : Isabelle Bonnefon</strong> (Lannion) <a href="mailto:bonnefonisabelle@gmail.com"><strong>@</strong></a></h4>
</li>
<li>
<h4><strong>Morbihan : Catherine Carriou</strong> (Pont-Scorff) <a href="mailto:cath.carriou@orange.fr"><strong>@</strong></a><strong><br /></strong></h4>
</li>
<li><strong>Ille-et-Vilaine: Gaëlle Février (Noyal-sur-Vilaine) <a href="fevrier.5@orange.fr">fevrier.5@orange.fr</a></strong></li>
<li>
<h4>le trésorier : Benoît Jeanjean        <a href="jeanjean.benoit@orange.fr">jeanjean.benoit@orange.fr</a> </h4>
</li>
<li>
<h4>la secrétaire : Agnès Cudonnec:  <a href="ccagnes@hotmail.fr">ccagnes@hotmail.fr</a></h4>
</li>
</ul>
<h3><strong>Pour contacter le président de l&rsquo;association</strong>, Laurent Le Chanu:</h3>
<h3>mailto: <a href="presidence.arela.bretagne@gmail.com">presidence.arela.bretagne@gmail.com</a></h3>


<p></p>



<p></p>

<p>Voici les coordonnées des « membres-relais » de l’association dans chaque département breton ainsi que de la secrétaire et de la trésorière : Finistère : Françoise Marquant (Landerneau) @ Côtes d’Armor : Isabelle Bonnefon (Lannion) @ Morbihan : Catherine Carriou (Pont-Scorff) @ Ille-et-Vilaine: Gaëlle Février (Noyal-sur-Vilaine) fevrier.5@orange.fr le trésorier : Benoît Jeanjean        jeanjean.benoit@orange.fr la secrétaire : Agnès Cudonnec:  [&hellip;]</p>
